t common divisor of 217 and k?
31
Let d(t) = 7*t + 13. Let m = 13 + -7. Let h be d(m). What is the highest common divisor of 11 and h?
11
Suppose 3*h - 409 = 5*v, 5*h + 0*h + 3*v - 727 = 0. What is the greatest common factor of 13 and h?
13
Suppose -26 = -c + 2*c. Let y = 40 + c. Calculate the highest common factor of 154 and y.
14
Suppose 7*f - 25 = 2*f. Suppose 4*n + f*x + 0*x = 68, -3*n + 3*x = -24. What is the highest common factor of 24 and n?
12
Suppose -18 = -3*a + 2*l, 0*a + 3*a = 3*l + 21. What is the greatest common factor of 1 and a?
1
Suppose 0 = -0*z + 5*z - 5. Let y be ((-1 - z)/(-2))/1. What is the highest common divisor of 8 and y?
1
Let i be 3 + (-4 - 0) - -3. Calculate the highest common divisor of i and 6.
2
Suppose 4*y - 5*n = 13, -22 = -y - 2*n - 3*n. Let o be ((-3)/3)/(-1 - 0). What is the highest common factor of y and o?
1
Let d(m) = m**2 + 4*m - 1. Let r be (-63)/(-14)*4/(-3). Let s be d(r). Let y(k) = k**3 - k + 22. Let i be y(0). What is the highest common factor of s and i?
11
Let k = 22 + 10. Suppose i + 24 = 2*d - i, 52 = 5*d - 3*i. What is the greatest common factor of d and k?
8
Let b(d) = d**2 - 11*d + 3. Let c be b(11). Let p = c + 15. What is the highest common factor of p and 45?
9
Let j be 816/9 - 1/(-3). Let k(i) = 4*i + 1. Let a be k(3). What is the greatest common factor of a and j?
13
Let n be (-20)/40 - 218/(-4). What is the highest common divisor of n and 594?
54
Suppose 0 = -6*a + a - 4*g + 29, -9 = -a - 4*g. What is the greatest common factor of a and 55?
5
Let o = 16 + -11. Let b = 28 - -7. Calculate the greatest common divisor of b and o.
5
Let o(q) = 12*q + 3 + 2*q - 10*q + 25*q. Let l be o(3). What is the greatest common divisor of 10 and l?
10
Suppose 7*l + 53 = 781. Calculate the greatest common divisor of l and 13.
13
Let b(t) = t**3 + 7*t**2 + 6*t. Let y be b(-6). Suppose y = -0*r - 3*r + 144. What is the highest common divisor of 12 and r?
12
Let r be (-190)/(-4) - (-1)/2. What is the highest common factor of r and 16?
16
Suppose t = 58 - 2. Calculate the highest common divisor of t and 616.
56
Suppose -26 = -t - 2*q, 3*t + 2*q + 3*q = 73. Let c = -5 + t. Let b = 89 + 32. What is the greatest common factor of b and c?
11
Suppose 0 = -3*u + w + 2*w + 1311, 2167 = 5*u + 4*w. Suppose 5*h - u = 5*t, 0*t = 2*h + t - 183. Calculate the highest common divisor of h and 18.
18
Suppose -1255 - 461 = -3*c. Calculate the greatest common divisor of c and 52.
52
Let h = 80 - 49. Let d = h + -9. What is the greatest common divisor of 88 and d?
22
Suppose -3*c + 20 = c, c + 30 = 5*t. Let o be 7/(-1)*(-3)/3. What is the highest common factor of o and t?
7
Let w(v) = -v**3 + 2*v**2 + v - 2. Let h be w(2). Let y(u) = u - 5. Let z be y(4). Let k = h - z. What is the greatest common divisor of k and 10?
1
Let y(c) = -c**3 + 7*c**2 + 7. Let p be y(7). Suppose -p = 5*w - 3*m, 4*w + 8 = m + 1. Let h be w/4*-26 + -1. What is the greatest common factor of 36 and h?
12
Let w be 10 + 0 + 6/3. Suppose 2*x = 28 + w. Calculate the highest common factor of x and 50.
10
Let a(b) = b**3 - 6*b**2 - 6*b + 8. Let t be a(7). What is the greatest common divisor of 6 and t?
3
Let y be (-1 - 14)*4/(-6). Calculate the highest common factor of y and 90.
10
Suppose p + 21 = -5*b, 0 = 3*p + b - 7. Suppose -5*q - 35 = -5*n, 5*n - n + 4*q = p. What is the greatest common divisor of n and 16?
4
Suppose -2*q + 5*q - 216 = 2*x, -3*x - 144 = -2*q. Suppose i = 5*i - q. Suppose i = 4*f - f. Calculate the highest common factor of 12 and f.
6
Let k be (-8)/(-1) - (-1 - 2). What is the greatest common factor of 99 and k?
11
Let m be -19 - -26 - 1*-1. Suppose 2*k + 0*k = 128. Calculate the highest common divisor of m and k.
8
Suppose 2*d - 94 = -0*q - 5*q, 0 = q - 2. What is the highest common factor of d and 28?
14
Let q = 1 + 4. Suppose -4*c + 0*b = -q*b - 76, 2*c - 52 = -b. Calculate the greatest common divisor of c and 16.
8
Suppose -68 = -5*b + 77. Calculate the greatest common divisor of b and 261.
29
Let o = -48 - -75. Suppose -5*x - 74 = -2*j - o, 45 = 3*j + x. What is the highest common divisor of 4 and j?
4
Let q be 6*4/9 - 8/12. Let r = 3 + 5. Calculate the highest common divisor of q and r.
2
Let d be ((3 - 2) + 19)/2. What is the greatest common factor of d and 10?
10
Let o(s) = s**3 + 3*s**2 + 3*s + 3. Let j be o(-2). Let g(m) = 17*m**3 + 2*m**2 - 2*m + 1. Let x be g(j). Calculate the highest common divisor of 126 and x.
18
Let n(f) be the second derivative of 1/6*f**3 + f + 0 + 14*f**2 + 1/20*f**5 + 0*f**4. Let a be n(0). What is the highest common factor of 70 and a?
14
Let w(r) = r**2 + 2. Let p be w(2). Let q = p + 8. Let s = 236 + -82. Calculate the highest common divisor of s and q.
14
Let i(r) = r**2 + 3*r - 7. Let q be i(-5). Suppose -12 = q*c, v + 0*v = -c + 131. Suppose -39*b - 40 + 625 = 0. What is the greatest common divisor of v and b?
15
Suppose -2*o + 146 = 2*n, -3*o - 5*n + 9*n + 212 = 0. What is the greatest common factor of o and 24?
24
Let q(y) = 13*y**2 + y - 2. Let h be q(-2). Let f be 4/10 + (-178)/(-5). Suppose -2*u + f = u. What is the greatest common divisor of u and h?
12
Let v(z) = z**2 + 2*z + 9. Let x be v(-4). What is the highest common divisor of x and 51?
17
Let f be (-55)/5 - (1 - 3). Let c(n) = -2*n - 6. Let p be c(f). Calculate the highest common factor of p and 4.
4
Let f(t) = -2*t - 8. Let n be (2 + -1)/((-2)/14). Let u be f(n). Let h = u + 0. What is the greatest common divisor of 4 and h?
2
Let w be (-16)/6*(-66)/4. Suppose -6*h + h = -10. Suppose -h*t + 10 - 2 = 0. What is the greatest common factor of t and w?
4
Suppose 2*u = b + 43, -4*b = -u + 32 - 0. Let m(r) = 5*r**3 + r - 1. Suppose -4*s = s - 5. Let v be m(s). What is the highest common factor of v and u?
5
Let w(p) be the first derivative of -2*p**3/3 + 2*p**2 - p - 4. Let n be w(3). Let x be 0 + 0 - (n - 7). What is the highest common factor of x and 28?
14
Let d(i) = 8*i + 63. Let a be d(-6). What is the highest common divisor of a and 195?
15
Let p(u) = -u + 9. Let w be p(7). Suppose -q - 30 = -w*k, -2*k - 2*q = -16 - 26. Let r = 167 + -116. What is the highest common divisor of k and r?
17
Suppose 4 = -5*n + 14. Suppose 4*u - 408 + 120 = 4*s, n*s = 10. What is the greatest common divisor of u and 11?
11
Let u = -12 + 20. Suppose 0 = 4*h, -3*n + 2*h + h = 0. Let l be n + 0 + (2 - -10). Calculate the highest common factor of u and l.
4
Let h = -8 + 11. Suppose h = 3*g - 9. Suppose 0*a + 32 = g*a. What is the greatest common factor of 4 and a?
4
Let o = -7 - -9. Suppose o*y - y - 7 = 0. What is the greatest common divisor of 35 and y?
7
Let i(t) = t**3 - 8*t**2 + t + 6. Let r(w) = w**3 - 5*w**2 - 6*w + 8. Let k be r(6). Let g be i(k). What is the greatest common divisor of g and 28?
14
Suppose -x = 3*n - 76, -8*n + 4*x = -4*n - 80. Calculate the highest common divisor of 32 and n.
8
Suppose 3*x - 7*x + 4 = 5*d, -d + 2 = x. Suppose 4*s + a + 27 = -2*a, 0 = -2*s + 2*a + 4. Let i = s + x. What is the highest common divisor of 24 and i?
3
Suppose -11 = 2*f + 4*b - 9*b, -4 = 4*f - 4*b. Suppose 0 = -3*z + z + 60. Let y = -12 + z. Calculate the highest common factor of f and y.
2
Let o = -29 + 133. What is the greatest common divisor of o and 8?
8
Suppose -2*v + 7 + 49 = 0. Suppose c - v = 1. Suppose -3*d = -c + 11. Calculate the greatest common factor of d and 6.
6
Suppose -3*s - 20 = -8*s. Let j = 6 + s. Suppose 5*k - 50 = -0*k. Calculate the greatest common factor of j and k.
10
Suppose -4*a = w + 6, 2*a + 6*w + 10 = 2*w. Let t = 7 - a. Suppose 28 = j + 2*y, 5*j + 5*y = -0*j + 120. Calculate the greatest common factor of t and j.
4
Let d(o) = -1. Let k(c) = -4*c - 3 + 0*c + 2. Let u(v) = -5*d(v) - k(v). Let y be u(6). Calculate the greatest common factor of 20 and y.
10
Let n = -18 - -9. Let m be n/18 + (-34)/(-4). Calculate the greatest common factor of m and 8.
8
Let v = 5 + 37. Let k be -3 - -2 - -1*9. Suppose m + 2 - k = 0. What is the highest common divisor of m and v?
6
Let m = 11 + -3. Let o(v) = 4*v + 8. Let k be o(-6). Let b be 1/(-4) + (-1412)/k. What is the highest common divisor of m and b?
8
Suppose -3*y = -9*y + 1176. Calculate the greatest common divisor of 49 and y.
49
Let a = 5 - 13. Let y(r) = r**3 - 4*r**2 - 3. Let